{"id":720,"date":"2020-05-15T13:33:55","date_gmt":"2020-05-15T13:33:55","guid":{"rendered":"https:\/\/arvensis-naturalistes.ch\/?page_id=720"},"modified":"2021-12-20T19:03:50","modified_gmt":"2021-12-20T19:03:50","slug":"dimitri","status":"publish","type":"page","link":"https:\/\/arvensis-naturalistes.ch\/?page_id=720","title":{"rendered":"Dimitri B\u00e9non"},"content":{"rendered":"\n<h4><strong><em><strong><strong>Biologiste UNIGE (Master \u00e8s Sciences en biologie)<\/strong><\/strong><\/em><\/strong><\/h4>\n\n\n\n<div class=\"wp-block-columns\">\n<div class=\"wp-block-column\">\n<h5>Pr\u00e9sentation:<\/h5>\n\n\n\n<p>Biologiste de formation, je me suis sp\u00e9cialis\u00e9 depuis pr\u00e8s de 10 ans sur le groupe fascinant que forment les abeilles sauvages (Hym\u00e9nopt\u00e8res&nbsp;; Apoidea). Je participe notamment \u00e0 la cr\u00e9ation du site internet swisswildbees.ch et \u00e0 la mise \u00e0 jour de la Liste Rouge des abeilles sauvages de Suisse. \u00c0 c\u00f4t\u00e9 des abeilles, je m\u2019int\u00e9resse aussi aux plantes ainsi qu\u2019\u00e0 diverses autres familles d\u2019hym\u00e9nopt\u00e8res, notamment les Formicidae et les Sphecidae. Je travaille aussi r\u00e9guli\u00e8rement avec des outils SIG (principalement ArcGIS) et R, en particulier dans le cadre de projet de mod\u00e9lisation de niche \u00e9cologique que j\u2019ai notamment utilis\u00e9 dans le cadre de mon travail de Master.&nbsp;<\/p>\n\n\n\n<p>Lorsque mes yeux sont fatigu\u00e9s d\u2019\u00eatre devant l\u2019ordinateur ou la loupe binoculaire, rien de telle qu\u2019une sortie sur une des belles falaises calcaires du Jura pour s\u2019user le bout des doigts ou une visite \u00e0 mon rucher\/jardin. J\u2019aime cuisiner, les belles images, chanter et respirer l\u2019air frais.<\/p>\n\n\n\n<p><strong><a href=\"https:\/\/www.researchgate.net\/profile\/Dimitri-Benon\/research\">Mes publications<\/a><\/strong><\/p>\n<\/div>\n\n\n\n<div class=\"wp-block-column\">\n<h5>Synth\u00e8se des comp\u00e9tences:<\/h5>\n\n\n\n<ul><li>Inventaire, suivi et monitoring de la biodiversit\u00e9<\/li><li>Cartographie de la v\u00e9g\u00e9tation<\/li><li>Cartographie SIG \u2013 Analyses spatiales<\/li><li>Plan de gestion, am\u00e9nagement et entretien<\/li><li>Publication et vulgarisation<\/li><li>Photographie<\/li><\/ul>\n<\/div>\n<\/div>\n\n\n\n<div class=\"wp-block-columns\">\n<div class=\"wp-block-column\" style=\"flex-basis:100%\">\n<div class=\"wp-block-columns\">\n<div class=\"wp-block-column\">\n<figure class=\"wp-block-image size-large\"><img loading=\"lazy\" width=\"1024\" height=\"1024\" src=\"https:\/\/arvensis-naturalistes.ch\/wp-content\/uploads\/2021\/12\/Dimitri_2_1x1-1024x1024.jpg\" alt=\"\" class=\"wp-image-1043\" srcset=\"https:\/\/arvensis-naturalistes.ch\/wp-content\/uploads\/2021\/12\/Dimitri_2_1x1-1024x1024.jpg 1024w, https:\/\/arvensis-naturalistes.ch\/wp-content\/uploads\/2021\/12\/Dimitri_2_1x1-300x300.jpg 300w, https:\/\/arvensis-naturalistes.ch\/wp-content\/uploads\/2021\/12\/Dimitri_2_1x1-150x150.jpg 150w, https:\/\/arvensis-naturalistes.ch\/wp-content\/uploads\/2021\/12\/Dimitri_2_1x1-768x768.jpg 768w, https:\/\/arvensis-naturalistes.ch\/wp-content\/uploads\/2021\/12\/Dimitri_2_1x1-1536x1536.jpg 1536w, https:\/\/arvensis-naturalistes.ch\/wp-content\/uploads\/2021\/12\/Dimitri_2_1x1-270x270.jpg 270w, https:\/\/arvensis-naturalistes.ch\/wp-content\/uploads\/2021\/12\/Dimitri_2_1x1-230x230.jpg 230w, https:\/\/arvensis-naturalistes.ch\/wp-content\/uploads\/2021\/12\/Dimitri_2_1x1.jpg 1944w\" sizes=\"(max-width: 1024px) 100vw, 1024px\" \/><\/figure>\n<\/div>\n\n\n\n<div class=\"wp-block-column\" style=\"flex-basis:80%\">\n<h5>Me contacter:<\/h5>\n\n\n\n<p>Je vous r\u00e9ponds volontiers en fran\u00e7ais et anglais, ainsi qu&#8217;avec un peu de patience en italien et allemand.<\/p>\n\n\n\n<p><a href=\"mailto::dimitri.benon@arvensis-naturalistes.ch\">Mail<\/a><\/p>\n<\/div>\n<\/div>\n<\/div>\n<\/div>\n","protected":false},"excerpt":{"rendered":"<p>Biologiste UNIGE (Master \u00e8s Sciences en biologie) Pr\u00e9sentation: Biologiste de formation, je me suis sp\u00e9cialis\u00e9 depuis pr\u00e8s de 10 ans sur le groupe fascinant que forment les abeilles sauvages (Hym\u00e9nopt\u00e8res&nbsp;; Apoidea). Je participe notamment \u00e0 la cr\u00e9ation du site internet<\/p>\n","protected":false},"author":2,"featured_media":0,"parent":485,"menu_order":0,"comment_status":"closed","ping_status":"closed","template":"","meta":[],"_links":{"self":[{"href":"https:\/\/arvensis-naturalistes.ch\/index.php?rest_route=\/wp\/v2\/pages\/720"}],"collection":[{"href":"https:\/\/arvensis-naturalistes.ch\/index.php?rest_route=\/wp\/v2\/pages"}],"about":[{"href":"https:\/\/arvensis-naturalistes.ch\/index.php?rest_route=\/wp\/v2\/types\/page"}],"author":[{"embeddable":true,"href":"https:\/\/arvensis-naturalistes.ch\/index.php?rest_route=\/wp\/v2\/users\/2"}],"replies":[{"embeddable":true,"href":"https:\/\/arvensis-naturalistes.ch\/index.php?rest_route=%2Fwp%2Fv2%2Fcomments&post=720"}],"version-history":[{"count":6,"href":"https:\/\/arvensis-naturalistes.ch\/index.php?rest_route=\/wp\/v2\/pages\/720\/revisions"}],"predecessor-version":[{"id":1098,"href":"https:\/\/arvensis-naturalistes.ch\/index.php?rest_route=\/wp\/v2\/pages\/720\/revisions\/1098"}],"up":[{"embeddable":true,"href":"https:\/\/arvensis-naturalistes.ch\/index.php?rest_route=\/wp\/v2\/pages\/485"}],"wp:attachment":[{"href":"https:\/\/arvensis-naturalistes.ch\/index.php?rest_route=%2Fwp%2Fv2%2Fmedia&parent=720"}],"curies":[{"name":"wp","href":"https:\/\/api.w.org\/{rel}","templated":true}]}}