{"id":722,"date":"2020-05-15T13:34:19","date_gmt":"2020-05-15T13:34:19","guid":{"rendered":"https:\/\/arvensis-naturalistes.ch\/?page_id=722"},"modified":"2021-02-22T11:24:15","modified_gmt":"2021-02-22T11:24:15","slug":"arnaud","status":"publish","type":"page","link":"https:\/\/arvensis-naturalistes.ch\/?page_id=722","title":{"rendered":"Arnaud Vallat"},"content":{"rendered":"\n<h4><strong><em><strong><em>Biologiste \u00e9cologue (Master \u00e8s science en Biog\u00e9osciences, UNINE\/UNIL)<\/em><\/strong><\/em><\/strong><\/h4>\n\n\n\n<div class=\"wp-block-columns\">\n<div class=\"wp-block-column\">\n<h5>Pr\u00e9sentation:<\/h5>\n\n\n\n<p>Passionn\u00e9 depuis toujours par la diversit\u00e9 du vivant, je me suis form\u00e9 en autodidacte sur de nombreux groupes. Commen\u00e7ant par les \u00ab&nbsp;grosses b\u00eates&nbsp;\u00bb avec l\u2019ornithologie depuis tout jeune, je me suis par la suite int\u00e9ress\u00e9 aux plus petits avec l\u2019entomologie, en ajoutant divers groupes d\u2019ann\u00e9e en ann\u00e9e. Plusieurs stages et services civil m\u2019ont permis de me sp\u00e9cialiser dans les papillons, libellules, et col\u00e9opt\u00e8res. Mes \u00e9tudes m\u2019ont enfin permis de d\u00e9velopper mes comp\u00e9tences en botanique et phytosociologie, m\u2019offrant une bonne connaissance globale des milieux naturels et des relations entre esp\u00e8ces et habitat.&nbsp;<\/p>\n\n\n\n<p>Depuis 2019 je travaille en tant qu\u2019ind\u00e9pendant et suis actif principalement sur des suivi et inventaires entomologiques (papillons, libellules, orthopt\u00e8res et col\u00e9opt\u00e8res saproxyliques) et je collabore pour les projets de listes rouges et monitorings de la biodiversit\u00e9 suisse (BDM). Je collabore \u00e9galement avec l\u2019association Chiroptera-CCO NE pour l\u2019\u00e9tude et la protection des chauves-souris et pour laquelle je suis secr\u00e9taire depuis 2018.<\/p>\n\n\n\n<p>Toujours avide de nouvelles d\u00e9couvertes je m\u2019int\u00e9resse et me forme depuis peu sur les mousses et les fourmis.<\/p>\n\n\n\n<p>Enfin, pour \u00e9viter le surmenage et pour varier les plaisirs, rien de tel qu\u2019une escapade \u00e0 v\u00e9lo, une vir\u00e9e en escalade entre amis ou me ressourcer en grattant ma guitare&nbsp;!<\/p>\n\n\n\n<p><a href=\"https:\/\/www.researchgate.net\/profile\/Arnaud_Vallat\/research\"><strong>Mes publications<\/strong><\/a><\/p>\n<\/div>\n\n\n\n<div class=\"wp-block-column\">\n<h5>Synth\u00e8se des comp\u00e9tences:<\/h5>\n\n\n\n<ul><li>Inventaire, suivi et monitoring de la biodiversit\u00e9<\/li><li>Phytosociologie et cartographie de v\u00e9g\u00e9tation<\/li><li>Diagnostique \u00e9cologique (milieux forestiers, agricole et aquatiques)<\/li><li>Plan de gestion, am\u00e9nagement et entretien<\/li><li>Publication et vulgarisation<\/li><li>Cartographie SIG<\/li><\/ul>\n<\/div>\n<\/div>\n\n\n\n<div class=\"wp-block-columns\">\n<div class=\"wp-block-column\" style=\"flex-basis:100%\">\n<div class=\"wp-block-columns\">\n<div class=\"wp-block-column\">\n<figure class=\"wp-block-image size-large\"><img src=\"https:\/\/arvensis-naturalistes.ch\/wp-content\/uploads\/2021\/02\/IMG_4356-1024x768.jpg\" alt=\"\" class=\"wp-image-807\"\/><\/figure>\n<\/div>\n\n\n\n<div class=\"wp-block-column\" style=\"flex-basis:80%\">\n<h5>Me contacter:<\/h5>\n\n\n\n<p><a href=\"mailto::arnaud.vallat@arvensis-naturalistes.ch\">Mail<\/a><\/p>\n<\/div>\n<\/div>\n<\/div>\n<\/div>\n","protected":false},"excerpt":{"rendered":"<p>Biologiste \u00e9cologue (Master \u00e8s science en Biog\u00e9osciences, UNINE\/UNIL) Pr\u00e9sentation: Passionn\u00e9 depuis toujours par la diversit\u00e9 du vivant, je me suis form\u00e9 en autodidacte sur de nombreux groupes. Commen\u00e7ant par les \u00ab&nbsp;grosses b\u00eates&nbsp;\u00bb avec l\u2019ornithologie depuis tout jeune, je me suis<\/p>\n","protected":false},"author":2,"featured_media":0,"parent":485,"menu_order":0,"comment_status":"closed","ping_status":"closed","template":"","meta":[],"_links":{"self":[{"href":"https:\/\/arvensis-naturalistes.ch\/index.php?rest_route=\/wp\/v2\/pages\/722"}],"collection":[{"href":"https:\/\/arvensis-naturalistes.ch\/index.php?rest_route=\/wp\/v2\/pages"}],"about":[{"href":"https:\/\/arvensis-naturalistes.ch\/index.php?rest_route=\/wp\/v2\/types\/page"}],"author":[{"embeddable":true,"href":"https:\/\/arvensis-naturalistes.ch\/index.php?rest_route=\/wp\/v2\/users\/2"}],"replies":[{"embeddable":true,"href":"https:\/\/arvensis-naturalistes.ch\/index.php?rest_route=%2Fwp%2Fv2%2Fcomments&post=722"}],"version-history":[{"count":5,"href":"https:\/\/arvensis-naturalistes.ch\/index.php?rest_route=\/wp\/v2\/pages\/722\/revisions"}],"predecessor-version":[{"id":961,"href":"https:\/\/arvensis-naturalistes.ch\/index.php?rest_route=\/wp\/v2\/pages\/722\/revisions\/961"}],"up":[{"embeddable":true,"href":"https:\/\/arvensis-naturalistes.ch\/index.php?rest_route=\/wp\/v2\/pages\/485"}],"wp:attachment":[{"href":"https:\/\/arvensis-naturalistes.ch\/index.php?rest_route=%2Fwp%2Fv2%2Fmedia&parent=722"}],"curies":[{"name":"wp","href":"https:\/\/api.w.org\/{rel}","templated":true}]}}