{"id":895,"date":"2021-02-19T17:00:55","date_gmt":"2021-02-19T17:00:55","guid":{"rendered":"https:\/\/arvensis-naturalistes.ch\/?page_id=895"},"modified":"2024-03-19T17:21:27","modified_gmt":"2024-03-19T16:21:27","slug":"gestion-des-milieux-naturels-amenagement-et-entretien","status":"publish","type":"page","link":"https:\/\/arvensis-naturalistes.ch\/?page_id=895","title":{"rendered":"Gestion des milieux naturels  (am\u00e9nagement et entretien)"},"content":{"rendered":"\n<p>De nos jours, la conservation des esp\u00e8ces menac\u00e9es passe avant tout par la protection des milieux qui leur sont favorables. En effet, la destruction et la fragmentation des habitats est la cause premi\u00e8re de la perte de diversit\u00e9 observ\u00e9e autant \u00e0 l\u2019\u00e9chelle mondiale que r\u00e9gionale. Une grande partie des milieux naturels ayant d\u00e9j\u00e0 disparus ou ayant \u00e9t\u00e9 modifi\u00e9s, il est devenu indispensable de recr\u00e9er ces milieux en modifiant les milieux existants pour offrir \u00e0 nouveau un environnement adapt\u00e9 au plus grand nombre d\u2019esp\u00e8ces, et en particulier aux esp\u00e8ces menac\u00e9es. De la plantation d\u2019une nouvelle haie dans un jardin \u00e0 la revitalisation des grands cours d\u2019eau pour leur rendre leur dynamique naturelle, une large palette d\u2019am\u00e9nagements et d\u2019entretiens de milieux, naturels ou non, ont fait leurs preuves pour augmenter la valeur \u00e9cologique d\u2019un site donn\u00e9 et favoriser ainsi une grande diversit\u00e9 sp\u00e9cifique. Nous proposons nos comp\u00e9tences et nos services dans le cadre de tout type de projets d\u2019entretien ou d\u2019am\u00e9nagement qui visent \u00e0 revaloriser ou maintenir la biodiversit\u00e9 naturelle.<\/p>\n\n\n\n<p><strong>Membres r\u00e9f\u00e9rents:<\/strong> <a href=\"https:\/\/arvensis-naturalistes.ch\/?page_id=722\">Arnaud Vallat<\/a> &#8211; <a href=\"https:\/\/arvensis-naturalistes.ch\/?page_id=731\">Alberto Serres-H\u00e4nni<\/a><\/p>\n\n\n\n<div class=\"wp-block-columns\">\n<div class=\"wp-block-column\">\n<figure class=\"wp-block-image size-large\"><img src=\"https:\/\/arvensis-naturalistes.ch\/wp-content\/uploads\/2020\/02\/AmenagementMN.jpg\" alt=\"\" class=\"wp-image-669\"\/><\/figure>\n<\/div>\n\n\n\n<div class=\"wp-block-column\">\n<figure class=\"wp-block-image size-large\"><img src=\"https:\/\/arvensis-naturalistes.ch\/wp-content\/uploads\/2021\/02\/ATerritoire.jpg\" alt=\"\" class=\"wp-image-872\"\/><\/figure>\n<\/div>\n<\/div>\n","protected":false},"excerpt":{"rendered":"<p>De nos jours, la conservation des esp\u00e8ces menac\u00e9es passe avant tout par la protection des milieux qui leur sont favorables. En effet, la destruction et la fragmentation des habitats est la cause premi\u00e8re de la perte de diversit\u00e9 observ\u00e9e autant<\/p>\n","protected":false},"author":2,"featured_media":0,"parent":579,"menu_order":0,"comment_status":"closed","ping_status":"closed","template":"","meta":[],"_links":{"self":[{"href":"https:\/\/arvensis-naturalistes.ch\/index.php?rest_route=\/wp\/v2\/pages\/895"}],"collection":[{"href":"https:\/\/arvensis-naturalistes.ch\/index.php?rest_route=\/wp\/v2\/pages"}],"about":[{"href":"https:\/\/arvensis-naturalistes.ch\/index.php?rest_route=\/wp\/v2\/types\/page"}],"author":[{"embeddable":true,"href":"https:\/\/arvensis-naturalistes.ch\/index.php?rest_route=\/wp\/v2\/users\/2"}],"replies":[{"embeddable":true,"href":"https:\/\/arvensis-naturalistes.ch\/index.php?rest_route=%2Fwp%2Fv2%2Fcomments&post=895"}],"version-history":[{"count":8,"href":"https:\/\/arvensis-naturalistes.ch\/index.php?rest_route=\/wp\/v2\/pages\/895\/revisions"}],"predecessor-version":[{"id":1273,"href":"https:\/\/arvensis-naturalistes.ch\/index.php?rest_route=\/wp\/v2\/pages\/895\/revisions\/1273"}],"up":[{"embeddable":true,"href":"https:\/\/arvensis-naturalistes.ch\/index.php?rest_route=\/wp\/v2\/pages\/579"}],"wp:attachment":[{"href":"https:\/\/arvensis-naturalistes.ch\/index.php?rest_route=%2Fwp%2Fv2%2Fmedia&parent=895"}],"curies":[{"name":"wp","href":"https:\/\/api.w.org\/{rel}","templated":true}]}}